{"id":16,"date":"2023-04-25T14:21:09","date_gmt":"2023-04-25T14:21:09","guid":{"rendered":"https:\/\/www.renatetheobald.de\/system\/?page_id=16"},"modified":"2023-05-17T20:34:33","modified_gmt":"2023-05-17T20:34:33","slug":"persoenlichkeits-analyse","status":"publish","type":"page","link":"https:\/\/www.renatetheobald.de\/system\/persoenlichkeits-analyse\/","title":{"rendered":"Pers\u00f6nlichkeits-Analyse"},"content":{"rendered":"\t\t<div data-elementor-type=\"wp-page\" data-elementor-id=\"16\" class=\"elementor elementor-16\">\n\t\t\t\t\t\t<section class=\"elementor-section elementor-top-section elementor-element elementor-element-222ff52d elementor-section-boxed elementor-section-height-default elementor-section-height-default\" data-id=\"222ff52d\" data-element_type=\"section\" data-e-type=\"section\">\n\t\t\t\t\t\t<div class=\"elementor-container elementor-column-gap-default\">\n\t\t\t\t\t<div class=\"elementor-column elementor-col-50 elementor-top-column elementor-element elementor-element-293de799\" data-id=\"293de799\" data-element_type=\"column\" data-e-type=\"column\">\n\t\t\t<div class=\"elementor-widget-wrap elementor-element-populated\">\n\t\t\t\t\t\t<div class=\"elementor-element elementor-element-1637bc41 elementor-widget elementor-widget-text-editor\" data-id=\"1637bc41\" data-element_type=\"widget\" data-e-type=\"widget\" data-widget_type=\"text-editor.default\">\n\t\t\t\t<div class=\"elementor-widget-container\">\n\t\t\t\t\t\t\t\t\t<p>Pers\u00f6nlichkeitsanalyse<\/p><p>Zirkel2000<\/p>\t\t\t\t\t\t\t\t<\/div>\n\t\t\t\t<\/div>\n\t\t\t\t<div class=\"elementor-element elementor-element-7158ed5e elementor-widget elementor-widget-text-editor\" data-id=\"7158ed5e\" data-element_type=\"widget\" data-e-type=\"widget\" data-widget_type=\"text-editor.default\">\n\t\t\t\t<div class=\"elementor-widget-container\">\n\t\t\t\t\t\t\t\t\t<p>Analyse der sechs Wesensarten<br \/>(nach Gerd Ammelburg)<\/p>\t\t\t\t\t\t\t\t<\/div>\n\t\t\t\t<\/div>\n\t\t\t\t\t<\/div>\n\t\t<\/div>\n\t\t\t\t<div class=\"elementor-column elementor-col-50 elementor-top-column elementor-element elementor-element-131d15d2\" data-id=\"131d15d2\" data-element_type=\"column\" data-e-type=\"column\">\n\t\t\t<div class=\"elementor-widget-wrap elementor-element-populated\">\n\t\t\t\t\t\t<div class=\"elementor-element elementor-element-1dc6f7f3 elementor-widget elementor-widget-image\" data-id=\"1dc6f7f3\" data-element_type=\"widget\" data-e-type=\"widget\" data-widget_type=\"image.default\">\n\t\t\t\t<div class=\"elementor-widget-container\">\n\t\t\t\t\t\t\t\t\t\t\t\t\t\t\t<img fetchpriority=\"high\" decoding=\"async\" width=\"622\" height=\"619\" src=\"https:\/\/www.renatetheobald.de\/system\/wp-content\/uploads\/2023\/05\/Renate_Theobald_Persoenlichkeitsanalyse-1.jpg\" class=\"attachment-full size-full wp-image-303\" alt=\"\" srcset=\"https:\/\/www.renatetheobald.de\/system\/wp-content\/uploads\/2023\/05\/Renate_Theobald_Persoenlichkeitsanalyse-1.jpg 622w, https:\/\/www.renatetheobald.de\/system\/wp-content\/uploads\/2023\/05\/Renate_Theobald_Persoenlichkeitsanalyse-1-300x300.jpg 300w, https:\/\/www.renatetheobald.de\/system\/wp-content\/uploads\/2023\/05\/Renate_Theobald_Persoenlichkeitsanalyse-1-150x150.jpg 150w\" sizes=\"(max-width: 622px) 100vw, 622px\" \/>\t\t\t\t\t\t\t\t\t\t\t\t\t\t\t<\/div>\n\t\t\t\t<\/div>\n\t\t\t\t<div class=\"elementor-element elementor-element-573bc552 elementor-widget elementor-widget-text-editor\" data-id=\"573bc552\" data-element_type=\"widget\" data-e-type=\"widget\" data-widget_type=\"text-editor.default\">\n\t\t\t\t<div class=\"elementor-widget-container\">\n\t\t\t\t\t\t\t\t\t<p>Termine nach Vereinbarung<br \/>Telefon: 0 781 \/ 289 439 34<br \/>oder per Mailanfrage<\/p>\t\t\t\t\t\t\t\t<\/div>\n\t\t\t\t<\/div>\n\t\t\t\t\t<\/div>\n\t\t<\/div>\n\t\t\t\t\t<\/div>\n\t\t<\/section>\n\t\t\t\t<section class=\"elementor-section elementor-top-section elementor-element elementor-element-43bc839b elementor-section-boxed elementor-section-height-default elementor-section-height-default\" data-id=\"43bc839b\" data-element_type=\"section\" data-e-type=\"section\">\n\t\t\t\t\t\t<div class=\"elementor-container elementor-column-gap-default\">\n\t\t\t\t\t<div class=\"elementor-column elementor-col-100 elementor-top-column elementor-element elementor-element-ff136f2\" data-id=\"ff136f2\" data-element_type=\"column\" data-e-type=\"column\">\n\t\t\t<div class=\"elementor-widget-wrap elementor-element-populated\">\n\t\t\t\t\t\t<div class=\"elementor-element elementor-element-46336d4b elementor-widget elementor-widget-heading\" data-id=\"46336d4b\" data-element_type=\"widget\" data-e-type=\"widget\" data-widget_type=\"heading.default\">\n\t\t\t\t<div class=\"elementor-widget-container\">\n\t\t\t\t\t<h2 class=\"elementor-heading-title elementor-size-default\">Farben geben den Formen das Leben<\/h2>\t\t\t\t<\/div>\n\t\t\t\t<\/div>\n\t\t\t\t<div class=\"elementor-element elementor-element-7dc5950a elementor-widget elementor-widget-text-editor\" data-id=\"7dc5950a\" data-element_type=\"widget\" data-e-type=\"widget\" data-widget_type=\"text-editor.default\">\n\t\t\t\t<div class=\"elementor-widget-container\">\n\t\t\t\t\t\t\t\t\t<p>Im europ\u00e4ischen Kulturkreis war der Dichter Johann Wolfgang von Goethe einer der ersten, der sich intensiv mit der Wirkung der Farben auf die menschliche Psyche besch\u00e4ftigte. Heute wissen wir, dass vor allem seine psychologischen \u00dcberlegungen \u00fcber die Zusammenh\u00e4nge zwischen Farben und sinnlich-sittlicher Wirkung und Harmonie beim Menschen sich in den Erkenntnissen der Jetztzeit best\u00e4tigen.<\/p><p>Gerd Ammelburg hat aus diesen Kostbarkeiten die Pers\u00f6nlichkeitsanalyse der sechs Wesensarten entwickelt und die Symbolkraft der sechs Farben auch auf sein Unternehmensmodell Zirkel2000 \u00fcbertragen.<\/p><p>Im Einzelcoaching wird die Pers\u00f6nlichkeitsanalyse der sechs Wesensarten und das Unternehmensmodell Zirkel2000 als Managementwerkzeug eingesetzt und zur pers\u00f6nlichen und beruflichen Neuorientierung genutzt.<\/p>\t\t\t\t\t\t\t\t<\/div>\n\t\t\t\t<\/div>\n\t\t\t\t<div class=\"elementor-element elementor-element-b4c883b elementor-widget elementor-widget-heading\" data-id=\"b4c883b\" data-element_type=\"widget\" data-e-type=\"widget\" data-widget_type=\"heading.default\">\n\t\t\t\t<div class=\"elementor-widget-container\">\n\t\t\t\t\t<h2 class=\"elementor-heading-title elementor-size-default\">Einsatzgebiete der Pers\u00f6nlichkeitsanalyse<\/h2>\t\t\t\t<\/div>\n\t\t\t\t<\/div>\n\t\t\t\t<div class=\"elementor-element elementor-element-f1940f2 elementor-widget elementor-widget-text-editor\" data-id=\"f1940f2\" data-element_type=\"widget\" data-e-type=\"widget\" data-widget_type=\"text-editor.default\">\n\t\t\t\t<div class=\"elementor-widget-container\">\n\t\t\t\t\t\t\t\t\t<p>Das Ergebnis der Analyse wird symbolisch in den Farben rot, violett, blau, gr\u00fcn, gelb und orange dargestellt. Es ist als zus\u00e4tzlicher Aspekt in Fragen zur<\/p><ul><li>beruflichen, pers\u00f6nlichen und partnerschaftlichen Neuorientierung<\/li><li>erfolgreichen Personalauswahl<\/li><li>erfolgreichen Teamentwicklung<\/li><\/ul><p>in einem ganzheitlichen Beratungsansatz nutzbar.<\/p>\t\t\t\t\t\t\t\t<\/div>\n\t\t\t\t<\/div>\n\t\t\t\t<div class=\"elementor-element elementor-element-d25bbdb elementor-widget elementor-widget-heading\" data-id=\"d25bbdb\" data-element_type=\"widget\" data-e-type=\"widget\" data-widget_type=\"heading.default\">\n\t\t\t\t<div class=\"elementor-widget-container\">\n\t\t\t\t\t<h2 class=\"elementor-heading-title elementor-size-default\">Merkmale der Pers\u00f6nlichkeitsanalyse<\/h2>\t\t\t\t<\/div>\n\t\t\t\t<\/div>\n\t\t\t\t<div class=\"elementor-element elementor-element-7db0b7a elementor-widget elementor-widget-text-editor\" data-id=\"7db0b7a\" data-element_type=\"widget\" data-e-type=\"widget\" data-widget_type=\"text-editor.default\">\n\t\t\t\t<div class=\"elementor-widget-container\">\n\t\t\t\t\t\t\t\t\t<p>Nachdem ein Fragebogen ausgef\u00fcllt und ausgedeutet ist, gibt die Analyse Einblicke in die Pers\u00f6nlichkeitsstruktur des Menschen mit dem Ziel, besser in der Lage zu sein, sich selbst und andere treffender zu beurteilen.<\/p><p>Seit vielen Jahren ist die Analyse ein bew\u00e4hrtes F\u00fchrungsinstrument, um sicher zu erkennen, ob das Pers\u00f6nlichkeitsprofil des Bewerbers zum Anforderungsprofil der neu zu besetzenden (F\u00fchrungs-) Position passt.<\/p><p>Die Pers\u00f6nlichkeitsanalyse Zirkel2000 erg\u00e4nzt das nachfolgend beschriebene Unternehmensmodell Zirkel2000. Im Vergleich mit diesem Unternehmensmodell wird sichtbar, in welchen T\u00e4tigkeitsfeldern die St\u00e4rken und Schw\u00e4chen des Bewerbers liegen.<\/p>\t\t\t\t\t\t\t\t<\/div>\n\t\t\t\t<\/div>\n\t\t\t\t<div class=\"elementor-element elementor-element-53da155 elementor-widget elementor-widget-heading\" data-id=\"53da155\" data-element_type=\"widget\" data-e-type=\"widget\" data-widget_type=\"heading.default\">\n\t\t\t\t<div class=\"elementor-widget-container\">\n\t\t\t\t\t<h2 class=\"elementor-heading-title elementor-size-default\">Das Pers\u00f6nlichkeitsprofil<\/h2>\t\t\t\t<\/div>\n\t\t\t\t<\/div>\n\t\t\t\t<div class=\"elementor-element elementor-element-89b6e98 elementor-widget elementor-widget-text-editor\" data-id=\"89b6e98\" data-element_type=\"widget\" data-e-type=\"widget\" data-widget_type=\"text-editor.default\">\n\t\t\t\t<div class=\"elementor-widget-container\">\n\t\t\t\t\t\t\t\t\t<p>gibt Antwort auf folgende Fragen:<\/p><ul><li>Wo liegen meine nat\u00fcrlichen Anlagen, Potenziale und St\u00e4rken?<\/li><li>Was kann ich aufgrund dieser Anlagen besonders gut?<\/li><li>Was enth\u00fcllen die Einschr\u00e4nkungen?<\/li><li>Welche T\u00e4tigkeiten passen zu meinem Pers\u00f6nlichkeitsprofil ?<\/li><li>Welche Aufgaben fallen mir leicht ?<\/li><li>Wie harmonisiere ich meine Denk-, Gef\u00fchls-, Willens- und Erlebensf\u00e4higkeit ?<\/li><li>Wie nutze ich meine Individualit\u00e4t f\u00fcr meinen pers\u00f6nlichen \/ beruflichen Erfolg?<\/li><li>Was zeigt die Analyse in Bezug auf meine Ehe \/ Partnerschaft ?<\/li><\/ul>\t\t\t\t\t\t\t\t<\/div>\n\t\t\t\t<\/div>\n\t\t\t\t<div class=\"elementor-element elementor-element-4980e43 elementor-widget elementor-widget-heading\" data-id=\"4980e43\" data-element_type=\"widget\" data-e-type=\"widget\" data-widget_type=\"heading.default\">\n\t\t\t\t<div class=\"elementor-widget-container\">\n\t\t\t\t\t<h2 class=\"elementor-heading-title elementor-size-default\">Teamentwicklung<\/h2>\t\t\t\t<\/div>\n\t\t\t\t<\/div>\n\t\t\t\t<div class=\"elementor-element elementor-element-6e99e43 elementor-widget elementor-widget-text-editor\" data-id=\"6e99e43\" data-element_type=\"widget\" data-e-type=\"widget\" data-widget_type=\"text-editor.default\">\n\t\t\t\t<div class=\"elementor-widget-container\">\n\t\t\t\t\t\t\t\t\t<p>Die St\u00e4rken und Schw\u00e4chen eines Teams k\u00f6nnen mit dieser Analyse sichtbar gemacht werden.<\/p>\t\t\t\t\t\t\t\t<\/div>\n\t\t\t\t<\/div>\n\t\t\t\t<div class=\"elementor-element elementor-element-66bd4c6 elementor-widget elementor-widget-heading\" data-id=\"66bd4c6\" data-element_type=\"widget\" data-e-type=\"widget\" data-widget_type=\"heading.default\">\n\t\t\t\t<div class=\"elementor-widget-container\">\n\t\t\t\t\t<h2 class=\"elementor-heading-title elementor-size-default\">Der richtige Mann an den richtigen Platz<\/h2>\t\t\t\t<\/div>\n\t\t\t\t<\/div>\n\t\t\t\t<div class=\"elementor-element elementor-element-6fbf1a9 elementor-widget elementor-widget-text-editor\" data-id=\"6fbf1a9\" data-element_type=\"widget\" data-e-type=\"widget\" data-widget_type=\"text-editor.default\">\n\t\t\t\t<div class=\"elementor-widget-container\">\n\t\t\t\t\t\t\t\t\t<p>Wenn ein Mensch eine Arbeit tut, die er kann und die ihn deshalb auch ausf\u00fcllt, wird sie zur T\u00e4tigkeit, die ihn befriedigt. Wenn ihn diese T\u00e4tigkeit befriedigt, dann wird er sie auch mit einer ganz anderen Einstellung angehen, als wenn die Arbeit ungeliebt w\u00e4re und er sie widerwillig &#8211; also im wahrsten Sinne des Wortes wider seinen eigenen Willen &#8211; tun m\u00fcsste. Schlie\u00dflich wird er, wenn er mit einer positiven Einstellung an diese T\u00e4tigkeit herangeht, eine ganz andere Leistung erbringen, die nicht nur dem Organismus Unternehmen, dessen Teil er ist, n\u00fctzt, sondern auch ihn selbst befriedigen wird.<\/p>\n<p>Um eine Position mit dem richtigen Mitarbeiter bzw. der richtigen, zur Bew\u00e4ltigung dieser T\u00e4tigkeit bef\u00e4higten F\u00fchrungskraft besetzen zu k\u00f6nnen, brauchen wir das Anforderungsprofil.<\/p>\n<p>An einem Beispiel mag dies erl\u00e4utert werden:<br>Vor einigen Jahren hat man in einem gro\u00dfen Bankunternehmen die Notwendigkeit erkannt, einen bestimmten Kreis von Privatkunden, die einigerma\u00dfen verm\u00f6gend waren, gesondert hinsichtlich der Anlagem\u00f6glichkeiten speziell zu beraten. Man schuf daher eine Position des sogenannten \u201dPrivatkunden-Betreuers&#8220;, f\u00fcr die eine spezielle Ausbildung erforderlich war.<\/p>\n<p>Neben den rein fachlichen Kenntnissen musste ein solcher Mitarbeiter auch einem bestimmten Anforderungsprofil entsprechen, dessen Merkmale im folgenden dargestellt werden:<\/p>\n<p><i>Kontaktfreudig, sicher im Auftreten, gewandt und verbindlich, &#8211; Interesse an den Aufgaben, selbst\u00e4ndiges Arbeiten, \u00fcberdurchschnittliche Einsatzbereitschaft, \u00fcber das \u00fcbliche Ma\u00df hinausgehende Belastbarkeit, verk\u00e4uferisches Talent, klar und geschickt im Verhandeln, rasche Auffassungsgabe, selbst\u00e4ndiges Denken, F\u00e4higkeit, sich schnell auf neue Situationen einzustellen, Bereitschaft zu eigner Urteilsbildung und Entscheidung, &#8211; Verantwortungsbewusstsein, Zuverl\u00e4ssigkeit, Lernbereitschaft, zielstrebig und mit pers\u00f6nlichem Engagement um Weiterbildung bem\u00fcht, ausdrucksgewandt in Wort und Schrift.<\/i><\/p>\n<p><\/p>\n<p>Es bedarf keiner besonderen Erl\u00e4uterung, dass es sich hier um einen positiv ausgerichteten Menschen des blauen Bereiches handeln musste, mit einigen F\u00e4higkeiten der benachbarten Wesensarten Violett und Gr\u00fcn.<\/p>\n<p><\/p>\n<p>Alles in allem: die These, den richtigen Mann an den richtigen Platz zu stellen, ist keine Forderung, sondern eine Lebensnotwendigkeit f\u00fcr ein Unternehmen!<\/p>\t\t\t\t\t\t\t\t<\/div>\n\t\t\t\t<\/div>\n\t\t\t\t\t<\/div>\n\t\t<\/div>\n\t\t\t\t\t<\/div>\n\t\t<\/section>\n\t\t\t\t<\/div>\n\t\t","protected":false},"excerpt":{"rendered":"<p>Pers\u00f6nlichkeitsanalyse Zirkel2000 Analyse der sechs Wesensarten(nach Gerd Ammelburg) Termine nach VereinbarungTelefon: 0 781 \/ 289 439 34oder per Mailanfrage Farben geben den Formen das Leben Im europ\u00e4ischen Kulturkreis war der Dichter Johann Wolfgang von Goethe einer der ersten, der sich intensiv mit der Wirkung der Farben auf die menschliche Psyche besch\u00e4ftigte. Heute wissen wir, dass [&hellip;]<\/p>\n","protected":false},"author":1,"featured_media":0,"parent":0,"menu_order":0,"comment_status":"closed","ping_status":"closed","template":"","meta":{"ocean_post_layout":"full-screen","ocean_both_sidebars_style":"","ocean_both_sidebars_content_width":0,"ocean_both_sidebars_sidebars_width":0,"ocean_sidebar":"0","ocean_second_sidebar":"0","ocean_disable_margins":"enable","ocean_add_body_class":"","ocean_shortcode_before_top_bar":"","ocean_shortcode_after_top_bar":"","ocean_shortcode_before_header":"","ocean_shortcode_after_header":"","ocean_has_shortcode":"","ocean_shortcode_after_title":"","ocean_shortcode_before_footer_widgets":"","ocean_shortcode_after_footer_widgets":"","ocean_shortcode_before_footer_bottom":"","ocean_shortcode_after_footer_bottom":"","ocean_display_top_bar":"off","ocean_display_header":"default","ocean_header_style":"","ocean_center_header_left_menu":"0","ocean_custom_header_template":"0","ocean_custom_logo":0,"ocean_custom_retina_logo":0,"ocean_custom_logo_max_width":0,"ocean_custom_logo_tablet_max_width":0,"ocean_custom_logo_mobile_max_width":0,"ocean_custom_logo_max_height":0,"ocean_custom_logo_tablet_max_height":0,"ocean_custom_logo_mobile_max_height":0,"ocean_header_custom_menu":"0","ocean_menu_typo_font_family":"0","ocean_menu_typo_font_subset":"","ocean_menu_typo_font_size":0,"ocean_menu_typo_font_size_tablet":0,"ocean_menu_typo_font_size_mobile":0,"ocean_menu_typo_font_size_unit":"px","ocean_menu_typo_font_weight":"","ocean_menu_typo_font_weight_tablet":"","ocean_menu_typo_font_weight_mobile":"","ocean_menu_typo_transform":"","ocean_menu_typo_transform_tablet":"","ocean_menu_typo_transform_mobile":"","ocean_menu_typo_line_height":0,"ocean_menu_typo_line_height_tablet":0,"ocean_menu_typo_line_height_mobile":0,"ocean_menu_typo_line_height_unit":"","ocean_menu_typo_spacing":0,"ocean_menu_typo_spacing_tablet":0,"ocean_menu_typo_spacing_mobile":0,"ocean_menu_typo_spacing_unit":"","ocean_menu_link_color":"","ocean_menu_link_color_hover":"","ocean_menu_link_color_active":"","ocean_menu_link_background":"","ocean_menu_link_hover_background":"","ocean_menu_link_active_background":"","ocean_menu_social_links_bg":"","ocean_menu_social_hover_links_bg":"","ocean_menu_social_links_color":"","ocean_menu_social_hover_links_color":"","ocean_disable_title":"on","ocean_disable_heading":"default","ocean_post_title":"","ocean_post_subheading":"","ocean_post_title_style":"","ocean_post_title_background_color":"","ocean_post_title_background":0,"ocean_post_title_bg_image_position":"","ocean_post_title_bg_image_attachment":"","ocean_post_title_bg_image_repeat":"","ocean_post_title_bg_image_size":"","ocean_post_title_height":0,"ocean_post_title_bg_overlay":0.5,"ocean_post_title_bg_overlay_color":"","ocean_disable_breadcrumbs":"default","ocean_breadcrumbs_color":"","ocean_breadcrumbs_separator_color":"","ocean_breadcrumbs_links_color":"","ocean_breadcrumbs_links_hover_color":"","ocean_display_footer_widgets":"default","ocean_display_footer_bottom":"default","ocean_custom_footer_template":"0","footnotes":""},"class_list":["post-16","page","type-page","status-publish","hentry","entry"],"_links":{"self":[{"href":"https:\/\/www.renatetheobald.de\/system\/wp-json\/wp\/v2\/pages\/16","targetHints":{"allow":["GET"]}}],"collection":[{"href":"https:\/\/www.renatetheobald.de\/system\/wp-json\/wp\/v2\/pages"}],"about":[{"href":"https:\/\/www.renatetheobald.de\/system\/wp-json\/wp\/v2\/types\/page"}],"author":[{"embeddable":true,"href":"https:\/\/www.renatetheobald.de\/system\/wp-json\/wp\/v2\/users\/1"}],"replies":[{"embeddable":true,"href":"https:\/\/www.renatetheobald.de\/system\/wp-json\/wp\/v2\/comments?post=16"}],"version-history":[{"count":16,"href":"https:\/\/www.renatetheobald.de\/system\/wp-json\/wp\/v2\/pages\/16\/revisions"}],"predecessor-version":[{"id":306,"href":"https:\/\/www.renatetheobald.de\/system\/wp-json\/wp\/v2\/pages\/16\/revisions\/306"}],"wp:attachment":[{"href":"https:\/\/www.renatetheobald.de\/system\/wp-json\/wp\/v2\/media?parent=16"}],"curies":[{"name":"wp","href":"https:\/\/api.w.org\/{rel}","templated":true}]}}